{"id":82,"date":"2015-02-26T13:44:05","date_gmt":"2015-02-26T12:44:05","guid":{"rendered":"http:\/\/automobilklublodzki.pl\/kzk\/?page_id=82"},"modified":"2021-11-15T19:25:29","modified_gmt":"2021-11-15T18:25:29","slug":"kalendarz","status":"publish","type":"page","link":"https:\/\/automobilklublodzki.pl\/sprint\/kalendarz\/","title":{"rendered":"KALENDARZ"},"content":{"rendered":"<table border=\"1\" width=\"100%\" cellspacing=\"0\" cellpadding=\"0\">\n<tbody>\n<tr>\n<td style=\"text-align: center;\"><strong>Stycze\u0144<\/strong><\/td>\n<\/tr>\n<tr>\n<td style=\"text-align: left;\"><em>Przerwa zimowa<\/em><\/td>\n<\/tr>\n<tr>\n<td style=\"text-align: center;\"><strong>Luty<\/strong><\/td>\n<\/tr>\n<tr>\n<td style=\"text-align: left;\"><em>Przerwa zimowa<\/em><\/td>\n<\/tr>\n<tr>\n<td style=\"text-align: center;\"><strong>Marzec<\/strong><\/td>\n<\/tr>\n<tr>\n<td style=\"text-align: left;\"><em>Przerwa zimowa<\/em><\/td>\n<\/tr>\n<tr>\n<td style=\"text-align: center;\"><strong>Kwiecie\u0144<\/strong><\/td>\n<\/tr>\n<tr>\n<td style=\"text-align: left;\"><i>Brak imprez<\/i><\/td>\n<\/tr>\n<tr>\n<td style=\"text-align: center;\"><strong>Maj<\/strong><\/td>\n<\/tr>\n<tr>\n<td style=\"text-align: left;\"><i>Brak imprez<\/i><\/td>\n<\/tr>\n<tr>\n<td style=\"text-align: center;\"><strong>Czerwiec<\/strong><\/td>\n<\/tr>\n<tr>\n<td style=\"text-align: left;\"><i>Brak imprez<\/i><\/td>\n<\/tr>\n<tr>\n<td style=\"text-align: center;\"><strong>Lipiec<\/strong><\/td>\n<\/tr>\n<tr>\n<td style=\"text-align: left;\"><em>Przerwa wakacyjna<\/em><\/td>\n<\/tr>\n<tr>\n<td style=\"text-align: center;\"><strong>Sierpie\u0144<\/strong><\/td>\n<\/tr>\n<tr>\n<td style=\"text-align: left;\"><em>Przerwa wakacyjna<\/em><\/td>\n<\/tr>\n<tr>\n<td style=\"text-align: center;\"><strong>Wrzesie\u0144<\/strong><\/td>\n<\/tr>\n<tr>\n<td style=\"text-align: left;\"><strong><em>18.09<\/em><\/strong>, 21 lat od zako\u0144czenia produkcji Fiata 126p<\/td>\n<\/tr>\n<tr>\n<td style=\"text-align: center;\"><strong>Pa\u017adziernik<\/strong><\/td>\n<\/tr>\n<tr>\n<td style=\"text-align: left;\"><i>Brak imprez<\/i><\/td>\n<\/tr>\n<tr>\n<td style=\"text-align: center;\"><strong>Listopad<\/strong><\/td>\n<\/tr>\n<tr>\n<td style=\"text-align: left;\"><strong><em>21.11<\/em><\/strong>,\u00a0 Rally Tuszyn 2021<\/td>\n<\/tr>\n<tr>\n<td style=\"text-align: center;\"><strong>Grudzie\u0144<\/strong><\/td>\n<\/tr>\n<tr>\n<td style=\"text-align: left;\"><i>Brak imprez<\/i><\/td>\n<\/tr>\n<\/tbody>\n<\/table>\n","protected":false},"excerpt":{"rendered":"<p>Stycze\u0144 Przerwa zimowa Luty Przerwa zimowa Marzec Przerwa zimowa Kwiecie\u0144 Brak imprez Maj Brak imprez Czerwiec Brak imprez Lipiec Przerwa wakacyjna Sierpie\u0144 Przerwa wakacyjna Wrzesie\u0144 18.09, 21 lat od zako\u0144czenia produkcji Fiata 126p Pa\u017adziernik&#46;&#46;&#46;<\/p>\n","protected":false},"author":1,"featured_media":0,"parent":0,"menu_order":0,"comment_status":"open","ping_status":"open","template":"","meta":{"footnotes":""},"class_list":["post-82","page","type-page","status-publish","hentry"],"_links":{"self":[{"href":"https:\/\/automobilklublodzki.pl\/sprint\/wp-json\/wp\/v2\/pages\/82","targetHints":{"allow":["GET"]}}],"collection":[{"href":"https:\/\/automobilklublodzki.pl\/sprint\/wp-json\/wp\/v2\/pages"}],"about":[{"href":"https:\/\/automobilklublodzki.pl\/sprint\/wp-json\/wp\/v2\/types\/page"}],"author":[{"embeddable":true,"href":"https:\/\/automobilklublodzki.pl\/sprint\/wp-json\/wp\/v2\/users\/1"}],"replies":[{"embeddable":true,"href":"https:\/\/automobilklublodzki.pl\/sprint\/wp-json\/wp\/v2\/comments?post=82"}],"version-history":[{"count":34,"href":"https:\/\/automobilklublodzki.pl\/sprint\/wp-json\/wp\/v2\/pages\/82\/revisions"}],"predecessor-version":[{"id":960,"href":"https:\/\/automobilklublodzki.pl\/sprint\/wp-json\/wp\/v2\/pages\/82\/revisions\/960"}],"wp:attachment":[{"href":"https:\/\/automobilklublodzki.pl\/sprint\/wp-json\/wp\/v2\/media?parent=82"}],"curies":[{"name":"wp","href":"https:\/\/api.w.org\/{rel}","templated":true}]}}